{"id":957,"date":"2018-02-14T18:09:14","date_gmt":"2018-02-14T16:09:14","guid":{"rendered":"http:\/\/www.tistrupby.dk\/?page_id=957"},"modified":"2019-04-19T19:26:03","modified_gmt":"2019-04-19T17:26:03","slug":"traveture","status":"publish","type":"page","link":"https:\/\/www.tistrupby.dk\/?page_id=957","title":{"rendered":"Traveture"},"content":{"rendered":"<p><a href=\"https:\/\/photos.app.goo.gl\/636UJIKoJul6PRJp2\">Travetur til Hodde den 21-01-2018<\/a><\/p>\n<p><a href=\"https:\/\/photos.app.goo.gl\/XzxwyVCBqwG6eT012\">Travetur til N\u00f8rholm Vandm\u00f8lle 17-02-18<\/a><\/p>\n<p><a href=\"https:\/\/photos.app.goo.gl\/MzjzsFpBsvqjHXwL7\">N\u00f8rholm skov, til kilden og manestenen, samt m\u00f8llen<\/a><\/p>\n","protected":false},"excerpt":{"rendered":"<p>Travetur til Hodde den 21-01-2018 Travetur til N\u00f8rholm Vandm\u00f8lle 17-02-18 N\u00f8rholm skov, til kilden og manestenen, samt m\u00f8llen<\/p>\n","protected":false},"author":1,"featured_media":0,"parent":0,"menu_order":0,"comment_status":"closed","ping_status":"closed","template":"","meta":{"footnotes":""},"class_list":["post-957","page","type-page","status-publish","hentry"],"_links":{"self":[{"href":"https:\/\/www.tistrupby.dk\/index.php?rest_route=\/wp\/v2\/pages\/957","targetHints":{"allow":["GET"]}}],"collection":[{"href":"https:\/\/www.tistrupby.dk\/index.php?rest_route=\/wp\/v2\/pages"}],"about":[{"href":"https:\/\/www.tistrupby.dk\/index.php?rest_route=\/wp\/v2\/types\/page"}],"author":[{"embeddable":true,"href":"https:\/\/www.tistrupby.dk\/index.php?rest_route=\/wp\/v2\/users\/1"}],"replies":[{"embeddable":true,"href":"https:\/\/www.tistrupby.dk\/index.php?rest_route=%2Fwp%2Fv2%2Fcomments&post=957"}],"version-history":[{"count":4,"href":"https:\/\/www.tistrupby.dk\/index.php?rest_route=\/wp\/v2\/pages\/957\/revisions"}],"predecessor-version":[{"id":1067,"href":"https:\/\/www.tistrupby.dk\/index.php?rest_route=\/wp\/v2\/pages\/957\/revisions\/1067"}],"wp:attachment":[{"href":"https:\/\/www.tistrupby.dk\/index.php?rest_route=%2Fwp%2Fv2%2Fmedia&parent=957"}],"curies":[{"name":"wp","href":"https:\/\/api.w.org\/{rel}","templated":true}]}}