{"id":852,"date":"2017-08-07T18:20:08","date_gmt":"2017-08-07T16:20:08","guid":{"rendered":"http:\/\/www.tistrupby.dk\/?page_id=852"},"modified":"2017-08-11T14:57:06","modified_gmt":"2017-08-11T12:57:06","slug":"tistrup-minitri-2017","status":"publish","type":"page","link":"https:\/\/www.tistrupby.dk\/?page_id=852","title":{"rendered":"Tistrup minitri 2017"},"content":{"rendered":"<p><a href=\"https:\/\/goo.gl\/photos\/6yaRk3fAeWAqhzDq6\">klarg\u00f8ring til Mini Tri den 08-08-17<\/a><\/p>\n<p><a href=\"https:\/\/goo.gl\/photos\/jrxev18QT1SCAs2G6\">Pladsen<\/a><\/p>\n<p><a href=\"https:\/\/goo.gl\/photos\/TF3ph4qopWP4yRGs9\">B\u00f8rne tri<\/a><\/p>\n<p><a href=\"https:\/\/goo.gl\/photos\/ERcpqDnZM5iaCC3z9\">G\u00e5rde p\u00e5 ruten<\/a><\/p>\n<p><a href=\"https:\/\/goo.gl\/photos\/4i5Zyy5zvrkBxarP8\">P\u00e5 ruten motor cykel<\/a><\/p>\n<p><a href=\"https:\/\/goo.gl\/photos\/jDEQ3MaEv5BbvAir5\">Kvie s\u00f8<\/a><\/p>\n<p><a href=\"https:\/\/goo.gl\/photos\/eFoYSQVH6iJ3D2qZ9\">Stemningsbilleder<\/a><\/p>\n<p><a href=\"https:\/\/goo.gl\/photos\/uFaYvUfPeHwStzuBA\">Pr\u00e6mie overr\u00e6kkelsen<\/a><\/p>\n<p>&nbsp;<\/p>\n","protected":false},"excerpt":{"rendered":"<p>klarg\u00f8ring til Mini Tri den 08-08-17 Pladsen B\u00f8rne tri G\u00e5rde p\u00e5 ruten P\u00e5 ruten motor cykel Kvie s\u00f8 Stemningsbilleder Pr\u00e6mie overr\u00e6kkelsen &nbsp;<\/p>\n","protected":false},"author":1,"featured_media":0,"parent":0,"menu_order":0,"comment_status":"closed","ping_status":"closed","template":"","meta":{"footnotes":""},"class_list":["post-852","page","type-page","status-publish","hentry"],"_links":{"self":[{"href":"https:\/\/www.tistrupby.dk\/index.php?rest_route=\/wp\/v2\/pages\/852","targetHints":{"allow":["GET"]}}],"collection":[{"href":"https:\/\/www.tistrupby.dk\/index.php?rest_route=\/wp\/v2\/pages"}],"about":[{"href":"https:\/\/www.tistrupby.dk\/index.php?rest_route=\/wp\/v2\/types\/page"}],"author":[{"embeddable":true,"href":"https:\/\/www.tistrupby.dk\/index.php?rest_route=\/wp\/v2\/users\/1"}],"replies":[{"embeddable":true,"href":"https:\/\/www.tistrupby.dk\/index.php?rest_route=%2Fwp%2Fv2%2Fcomments&post=852"}],"version-history":[{"count":7,"href":"https:\/\/www.tistrupby.dk\/index.php?rest_route=\/wp\/v2\/pages\/852\/revisions"}],"predecessor-version":[{"id":868,"href":"https:\/\/www.tistrupby.dk\/index.php?rest_route=\/wp\/v2\/pages\/852\/revisions\/868"}],"wp:attachment":[{"href":"https:\/\/www.tistrupby.dk\/index.php?rest_route=%2Fwp%2Fv2%2Fmedia&parent=852"}],"curies":[{"name":"wp","href":"https:\/\/api.w.org\/{rel}","templated":true}]}}