{"id":495,"date":"2016-10-02T20:45:46","date_gmt":"2016-10-02T18:45:46","guid":{"rendered":"http:\/\/www.tistrupby.dk\/?page_id=495"},"modified":"2016-10-02T22:17:20","modified_gmt":"2016-10-02T20:17:20","slug":"mini-tri-2015","status":"publish","type":"page","link":"https:\/\/www.tistrupby.dk\/?page_id=495","title":{"rendered":"Mini Tri 2015"},"content":{"rendered":"<p><a href=\"https:\/\/goo.gl\/photos\/rqPYX17rnNhbzVBdA\">Stemningsbilleder<\/a><\/p>\n<p><a href=\"https:\/\/goo.gl\/photos\/voMXFFWgvBPKqMhX6\">Mini Tri<\/a><\/p>\n<p><a href=\"https:\/\/goo.gl\/photos\/41ddF4mv1XecwcfG9\">Fra ruten<\/a><\/p>\n<p><a href=\"https:\/\/goo.gl\/photos\/eYno7Y2hs116BNWCA\">Mini Tri ruten<\/a><\/p>\n<p><a href=\"https:\/\/goo.gl\/photos\/pBcfYVz5GDWKBESW9\">Billeder fra G\u00e5rde<\/a><\/p>\n<p><a href=\"https:\/\/goo.gl\/photos\/TRh8YQzYe9PoX7wv9\">M\u00e5lfotos 1<\/a><\/p>\n<p><a href=\"https:\/\/goo.gl\/photos\/KV4ahU5aG5JzT1Dc9\">M\u00e5lfotos 2<\/a><\/p>\n<p><a href=\"https:\/\/goo.gl\/photos\/DMMt5Wvuob82vL6C9\">M\u00e5lfoto 3<\/a><\/p>\n<p><a href=\"https:\/\/goo.gl\/photos\/DH893ax5Y7DqSRn88\">B\u00f8rne Tri 1<\/a><\/p>\n<p><a href=\"https:\/\/goo.gl\/photos\/9P2bRpuixDU1cnYa7\">B\u00f8rne Tri 2<\/a><\/p>\n<p><a href=\"https:\/\/goo.gl\/photos\/4PrKHUM2eK8Lk3WP9\">Pr\u00e6mieoverr\u00e6kkelse (rest)<\/a><\/p>\n<p><a href=\"https:\/\/goo.gl\/photos\/KEx9M1jbhgMAR5NW7\">Stemningsbilleder<\/a><\/p>\n<p>&nbsp;<\/p>\n<p>&nbsp;<\/p>\n","protected":false},"excerpt":{"rendered":"<p>Stemningsbilleder Mini Tri Fra ruten Mini Tri ruten Billeder fra G\u00e5rde M\u00e5lfotos 1 M\u00e5lfotos 2 M\u00e5lfoto 3 B\u00f8rne Tri 1 B\u00f8rne Tri 2 Pr\u00e6mieoverr\u00e6kkelse (rest) Stemningsbilleder &nbsp; &nbsp;<\/p>\n","protected":false},"author":1,"featured_media":0,"parent":0,"menu_order":0,"comment_status":"closed","ping_status":"closed","template":"","meta":{"footnotes":""},"class_list":["post-495","page","type-page","status-publish","hentry"],"_links":{"self":[{"href":"https:\/\/www.tistrupby.dk\/index.php?rest_route=\/wp\/v2\/pages\/495","targetHints":{"allow":["GET"]}}],"collection":[{"href":"https:\/\/www.tistrupby.dk\/index.php?rest_route=\/wp\/v2\/pages"}],"about":[{"href":"https:\/\/www.tistrupby.dk\/index.php?rest_route=\/wp\/v2\/types\/page"}],"author":[{"embeddable":true,"href":"https:\/\/www.tistrupby.dk\/index.php?rest_route=\/wp\/v2\/users\/1"}],"replies":[{"embeddable":true,"href":"https:\/\/www.tistrupby.dk\/index.php?rest_route=%2Fwp%2Fv2%2Fcomments&post=495"}],"version-history":[{"count":9,"href":"https:\/\/www.tistrupby.dk\/index.php?rest_route=\/wp\/v2\/pages\/495\/revisions"}],"predecessor-version":[{"id":508,"href":"https:\/\/www.tistrupby.dk\/index.php?rest_route=\/wp\/v2\/pages\/495\/revisions\/508"}],"wp:attachment":[{"href":"https:\/\/www.tistrupby.dk\/index.php?rest_route=%2Fwp%2Fv2%2Fmedia&parent=495"}],"curies":[{"name":"wp","href":"https:\/\/api.w.org\/{rel}","templated":true}]}}