{"id":197,"date":"2016-09-11T22:58:44","date_gmt":"2016-09-11T20:58:44","guid":{"rendered":"http:\/\/www.tistrupby.dk\/?page_id=197"},"modified":"2016-09-11T22:58:44","modified_gmt":"2016-09-11T20:58:44","slug":"norge-2012","status":"publish","type":"page","link":"https:\/\/www.tistrupby.dk\/?page_id=197","title":{"rendered":"Norge 2012"},"content":{"rendered":"<p><a href=\"https:\/\/goo.gl\/photos\/LSKsf7ri82GeRP3m9\">Norge den 29-06 Foss<\/a><\/p>\n<p><a href=\"https:\/\/goo.gl\/photos\/4yS8WsWWYEJ8Ni4w7\">Panoramavejen<\/a><\/p>\n<p><a href=\"https:\/\/goo.gl\/photos\/eKDAj7F29sPBy9qt6\">Rusto den 29-06<\/a><\/p>\n<p><a href=\"https:\/\/goo.gl\/photos\/3kZCU7ij8MvtG9qR7\">Hulbakken den 28-06<\/a><\/p>\n<p><a href=\"https:\/\/goo.gl\/photos\/41pxtUVpyaNfFPK9A\">Vandretur omkring Rusto den 28-06<\/a><\/p>\n<p><a href=\"https:\/\/goo.gl\/photos\/TbPdKcgrHPMyb7vw5\">Kirker de 28-06<\/a><\/p>\n<p><a href=\"https:\/\/goo.gl\/photos\/itzBJ4VnCBcRf9Fv6\">Fanitullvieen den 28-06<\/a><\/p>\n<p><a href=\"https:\/\/goo.gl\/photos\/5DWoC5G3ct3XTiWR6\">Rjukandefossen den 27-06<\/a><\/p>\n<p><a href=\"https:\/\/goo.gl\/photos\/fYFBGR94qMWovPRs9\">Karisetbjerget den 27-06<\/a><\/p>\n<p><a href=\"https:\/\/goo.gl\/photos\/SgQPJaNQYJk1fQXY8\">Toppen af bjerget den 26-06<\/a><\/p>\n<p><a href=\"https:\/\/goo.gl\/photos\/RgrZWBQZpXJ55V6a8\">Hynenfossen den 26-06<\/a><\/p>\n<p><a href=\"https:\/\/goo.gl\/photos\/d349X1boNnkWnQFZ9\">Uls\u00e5kst\u00f8len den 26-06<\/a><\/p>\n<p><a href=\"https:\/\/goo.gl\/photos\/7bXmKBCoqPYSUtvf7\">Hillek\u00f8lten den 25-06<\/a><\/p>\n<p><a href=\"https:\/\/goo.gl\/photos\/VHQF9EPq5CsuVjAt7\">Julehuset den 25-06<\/a><\/p>\n<p><a href=\"https:\/\/goo.gl\/photos\/SHH5r8oyyHPrLjMi7\">Norge den 25-06<\/a><\/p>\n<p><a href=\"https:\/\/goo.gl\/photos\/J8tpuj4j76TtMh1f7\">Vandresuar Norge den 25-06<\/a><\/p>\n<p><a href=\"https:\/\/goo.gl\/photos\/MLCjjNmrcPHUqssx6\">Tur til Norge <\/a><\/p>\n","protected":false},"excerpt":{"rendered":"<p>Norge den 29-06 Foss Panoramavejen Rusto den 29-06 Hulbakken den 28-06 Vandretur omkring Rusto den 28-06 Kirker de 28-06 Fanitullvieen den 28-06 Rjukandefossen den 27-06 Karisetbjerget den 27-06 Toppen af bjerget den 26-06 Hynenfossen den 26-06 Uls\u00e5kst\u00f8len den 26-06 Hillek\u00f8lten den 25-06 Julehuset den 25-06 Norge den 25-06 Vandresuar Norge den 25-06 Tur til Norge<\/p>\n","protected":false},"author":1,"featured_media":0,"parent":0,"menu_order":0,"comment_status":"closed","ping_status":"closed","template":"","meta":{"footnotes":""},"class_list":["post-197","page","type-page","status-publish","hentry"],"_links":{"self":[{"href":"https:\/\/www.tistrupby.dk\/index.php?rest_route=\/wp\/v2\/pages\/197","targetHints":{"allow":["GET"]}}],"collection":[{"href":"https:\/\/www.tistrupby.dk\/index.php?rest_route=\/wp\/v2\/pages"}],"about":[{"href":"https:\/\/www.tistrupby.dk\/index.php?rest_route=\/wp\/v2\/types\/page"}],"author":[{"embeddable":true,"href":"https:\/\/www.tistrupby.dk\/index.php?rest_route=\/wp\/v2\/users\/1"}],"replies":[{"embeddable":true,"href":"https:\/\/www.tistrupby.dk\/index.php?rest_route=%2Fwp%2Fv2%2Fcomments&post=197"}],"version-history":[{"count":1,"href":"https:\/\/www.tistrupby.dk\/index.php?rest_route=\/wp\/v2\/pages\/197\/revisions"}],"predecessor-version":[{"id":198,"href":"https:\/\/www.tistrupby.dk\/index.php?rest_route=\/wp\/v2\/pages\/197\/revisions\/198"}],"wp:attachment":[{"href":"https:\/\/www.tistrupby.dk\/index.php?rest_route=%2Fwp%2Fv2%2Fmedia&parent=197"}],"curies":[{"name":"wp","href":"https:\/\/api.w.org\/{rel}","templated":true}]}}