{"id":1332,"date":"2021-03-21T19:14:59","date_gmt":"2021-03-21T17:14:59","guid":{"rendered":"http:\/\/www.tistrupby.dk\/?page_id=1332"},"modified":"2021-03-21T19:32:07","modified_gmt":"2021-03-21T17:32:07","slug":"als-2021","status":"publish","type":"page","link":"https:\/\/www.tistrupby.dk\/?page_id=1332","title":{"rendered":"Als 2021"},"content":{"rendered":"\n<p><a href=\"https:\/\/photos.app.goo.gl\/u6QVmgFsJKWyL6VV8\">Huset Gammel P\u00f8l 8<\/a><\/p>\n\n\n\n<p><a href=\"https:\/\/photos.app.goo.gl\/HEqXpKdqixpC4Utf7\">M\u00e5rhund<\/a><\/p>\n\n\n\n<p><a href=\"https:\/\/photos.app.goo.gl\/zh5XQ4ce9d4Scqfb6\">Gammel P\u00f8l den 19-03<\/a><\/p>\n\n\n\n<p><a href=\"https:\/\/photos.app.goo.gl\/Vu8JCXhGGTxSHAoE7\">S\u00f8nderborg, Broager<\/a><\/p>\n\n\n\n<p><a href=\"https:\/\/photos.app.goo.gl\/nSLjwZ7gyzJjD2At5\">Gammel P\u00f8l den 17-03<\/a><\/p>\n\n\n\n<p><a href=\"https:\/\/photos.app.goo.gl\/xqWYEjbSNcS2STp66\">Nordborg<\/a><\/p>\n\n\n\n<p><a href=\"https:\/\/photos.app.goo.gl\/zVTVnYhTLNu9xEGa8\">Gammel P\u00f8l den 16-03<\/a><\/p>\n\n\n\n<p><a href=\"https:\/\/photos.app.goo.gl\/GSJzVgwjEpceScsm6\">Trane Odder og Augustenhof<\/a><\/p>\n\n\n\n<p><a href=\"https:\/\/photos.app.goo.gl\/dikSxgnexw6cciXB8\">Augustenborg<\/a><\/p>\n\n\n\n<p><a href=\"https:\/\/photos.app.goo.gl\/3XXy4WmL1pVieRa5A\">N\u00f8rreskoven<\/a><\/p>\n\n\n\n<p><a href=\"https:\/\/photos.app.goo.gl\/nE6DLno45gbRbuHa8\">Gammel P\u00f8l den 14-03<\/a><\/p>\n\n\n\n<p><a href=\"https:\/\/photos.app.goo.gl\/3SWC7mMrNvZBwcsq6\">Kegn\u00e6s<\/a><\/p>\n\n\n\n<p><a href=\"https:\/\/photos.app.goo.gl\/Dez9tA61u7tgaP587\">Gammel P\u00f8l den 13-03<\/a><\/p>\n\n\n\n<p><a href=\"https:\/\/photos.app.goo.gl\/jTQB8UYppbtqVGww8\">Turen ned til Als<\/a><\/p>\n","protected":false},"excerpt":{"rendered":"<p>Huset Gammel P\u00f8l 8 M\u00e5rhund Gammel P\u00f8l den 19-03 S\u00f8nderborg, Broager Gammel P\u00f8l den 17-03 Nordborg Gammel P\u00f8l den 16-03 Trane Odder og Augustenhof Augustenborg N\u00f8rreskoven Gammel P\u00f8l den 14-03 Kegn\u00e6s Gammel P\u00f8l den 13-03 Turen ned til Als<\/p>\n","protected":false},"author":1,"featured_media":0,"parent":0,"menu_order":0,"comment_status":"closed","ping_status":"closed","template":"","meta":{"footnotes":""},"class_list":["post-1332","page","type-page","status-publish","hentry"],"_links":{"self":[{"href":"https:\/\/www.tistrupby.dk\/index.php?rest_route=\/wp\/v2\/pages\/1332","targetHints":{"allow":["GET"]}}],"collection":[{"href":"https:\/\/www.tistrupby.dk\/index.php?rest_route=\/wp\/v2\/pages"}],"about":[{"href":"https:\/\/www.tistrupby.dk\/index.php?rest_route=\/wp\/v2\/types\/page"}],"author":[{"embeddable":true,"href":"https:\/\/www.tistrupby.dk\/index.php?rest_route=\/wp\/v2\/users\/1"}],"replies":[{"embeddable":true,"href":"https:\/\/www.tistrupby.dk\/index.php?rest_route=%2Fwp%2Fv2%2Fcomments&post=1332"}],"version-history":[{"count":11,"href":"https:\/\/www.tistrupby.dk\/index.php?rest_route=\/wp\/v2\/pages\/1332\/revisions"}],"predecessor-version":[{"id":1346,"href":"https:\/\/www.tistrupby.dk\/index.php?rest_route=\/wp\/v2\/pages\/1332\/revisions\/1346"}],"wp:attachment":[{"href":"https:\/\/www.tistrupby.dk\/index.php?rest_route=%2Fwp%2Fv2%2Fmedia&parent=1332"}],"curies":[{"name":"wp","href":"https:\/\/api.w.org\/{rel}","templated":true}]}}