{"id":1237,"date":"2020-06-21T20:31:42","date_gmt":"2020-06-21T18:31:42","guid":{"rendered":"http:\/\/www.tistrupby.dk\/?page_id=1237"},"modified":"2020-06-21T21:05:22","modified_gmt":"2020-06-21T19:05:22","slug":"kom-og-gaa-en-tur-med-os-den-24-06-2020-lang","status":"publish","type":"page","link":"https:\/\/www.tistrupby.dk\/?page_id=1237","title":{"rendered":"Kom og g\u00e5 en tur med os. Den 25-06-2020 lang"},"content":{"rendered":"\n<p><a href=\"https:\/\/photos.app.goo.gl\/WVXsmRnhtPTypNoa8\">Billeder til turen den 24-06-2020<\/a><\/p>\n\n\n\n<p>Den lange rute til p\u00e5 onsdag er p\u00e5 6,5 km, vi vil g\u00e5 lidt hurtigere end den p\u00e5 4,5 km.<\/p>\n\n\n\n<p>Vi starter ved Hodde Tistrup Hallen og g\u00e5r mod B\u00f8gevej, drejer til h\u00f8jre mod varmev\u00e6rket, til venstre mod Storegade, med Storegade til venstre ved brugsen ad Odinsvej til Thyrasvej, drejer til venstre ad Emmelyvej, over Vardevej, med grusvejen hen til Vardevej og drejer til h\u00f8jre og forts\u00e6tter mod Kasth\u00f8jvej, til h\u00f8jre ad Krarupvej og til venstre ad Letb\u00e6kvej over Vardevej til Dalstr\u00f8get til venstr ad l\u00e6rkevej s\u00e5 er der kaffe.Vi skal huske p\u00e5, at noget af vejen er privat, og vi har f\u00e5et tilladelse til at f\u00e6rdes der, men kun p\u00e5 de angivne stier<\/p>\n","protected":false},"excerpt":{"rendered":"<p>Billeder til turen den 24-06-2020 Den lange rute til p\u00e5 onsdag er p\u00e5 6,5 km, vi vil g\u00e5 lidt hurtigere end den p\u00e5 4,5 km. Vi starter ved Hodde Tistrup Hallen og g\u00e5r mod B\u00f8gevej, drejer til h\u00f8jre mod varmev\u00e6rket, til venstre mod Storegade, med Storegade til venstre ved brugsen ad Odinsvej til Thyrasvej, drejer &hellip; <a href=\"https:\/\/www.tistrupby.dk\/?page_id=1237\" class=\"more-link\">L\u00e6s videre <span class=\"screen-reader-text\">Kom og g\u00e5 en tur med os. Den 25-06-2020 lang<\/span> <span class=\"meta-nav\">&rarr;<\/span><\/a><\/p>\n","protected":false},"author":1,"featured_media":0,"parent":0,"menu_order":0,"comment_status":"closed","ping_status":"closed","template":"","meta":{"footnotes":""},"class_list":["post-1237","page","type-page","status-publish","hentry"],"_links":{"self":[{"href":"https:\/\/www.tistrupby.dk\/index.php?rest_route=\/wp\/v2\/pages\/1237","targetHints":{"allow":["GET"]}}],"collection":[{"href":"https:\/\/www.tistrupby.dk\/index.php?rest_route=\/wp\/v2\/pages"}],"about":[{"href":"https:\/\/www.tistrupby.dk\/index.php?rest_route=\/wp\/v2\/types\/page"}],"author":[{"embeddable":true,"href":"https:\/\/www.tistrupby.dk\/index.php?rest_route=\/wp\/v2\/users\/1"}],"replies":[{"embeddable":true,"href":"https:\/\/www.tistrupby.dk\/index.php?rest_route=%2Fwp%2Fv2%2Fcomments&post=1237"}],"version-history":[{"count":2,"href":"https:\/\/www.tistrupby.dk\/index.php?rest_route=\/wp\/v2\/pages\/1237\/revisions"}],"predecessor-version":[{"id":1247,"href":"https:\/\/www.tistrupby.dk\/index.php?rest_route=\/wp\/v2\/pages\/1237\/revisions\/1247"}],"wp:attachment":[{"href":"https:\/\/www.tistrupby.dk\/index.php?rest_route=%2Fwp%2Fv2%2Fmedia&parent=1237"}],"curies":[{"name":"wp","href":"https:\/\/api.w.org\/{rel}","templated":true}]}}