{"id":1220,"date":"2020-06-12T23:30:33","date_gmt":"2020-06-12T21:30:33","guid":{"rendered":"http:\/\/www.tistrupby.dk\/?page_id=1220"},"modified":"2020-06-12T23:30:33","modified_gmt":"2020-06-12T21:30:33","slug":"torsdag-den-11-06-2020","status":"publish","type":"page","link":"https:\/\/www.tistrupby.dk\/?page_id=1220","title":{"rendered":"Torsdag den 11-06-2020"},"content":{"rendered":"\n<p><a href=\"https:\/\/photos.app.goo.gl\/9EjZDgCFmbLr86AX8\">Billeder fra turen<\/a><\/p>\n\n\n\n<p>(3) Tonni Storm Nikolajsen<\/p>\n\n\n\n<p><\/p>\n\n\n\n<p>Ruten til den 11-06-2020 kl 0900.<br>Vi starter ved hallen, g\u00e5r ned ad L\u00e6rkevej, med stien op til kroen, Kirken, derfra over til legepladsen i Byskoven. Vi forts\u00e6tter under viadukten ned til ottetals s\u00f8erne, fra ottetals s\u00f8erne g\u00e5r turen over i anl\u00e6gget, over broerne ind i skoven til motionsredskaberne.<br>Tilbage til s\u00f8en, hvor vi holder en fotopause.<br>Ud p\u00e5 vejen mod byen, vi vil g\u00e5 op af trapperne lige efter viadukten, g\u00e5r til h\u00f8jre med vejen og forts\u00e6tter mod hallen ad pilevej.<br>&#8230;Der er en tur p\u00e5 4,3 km og vil tag ca en time, med de indlagte fotopauser, s\u00e5 husk noget til at tage billeder med, der er mange fine motiver p\u00e5 ruten.<br>Vi h\u00e5ber der m\u00f8der rigtig mange op til turen, og vi g\u00e5r s\u00e5 alle kan v\u00e6re med.<br>Hvis du\/I har nogle foreslag til ture, vil vi gerne h\u00f8re om dem.<\/p>\n","protected":false},"excerpt":{"rendered":"<p>Billeder fra turen (3) Tonni Storm Nikolajsen Ruten til den 11-06-2020 kl 0900.Vi starter ved hallen, g\u00e5r ned ad L\u00e6rkevej, med stien op til kroen, Kirken, derfra over til legepladsen i Byskoven. Vi forts\u00e6tter under viadukten ned til ottetals s\u00f8erne, fra ottetals s\u00f8erne g\u00e5r turen over i anl\u00e6gget, over broerne ind i skoven til motionsredskaberne.Tilbage &hellip; <a href=\"https:\/\/www.tistrupby.dk\/?page_id=1220\" class=\"more-link\">L\u00e6s videre <span class=\"screen-reader-text\">Torsdag den 11-06-2020<\/span> <span class=\"meta-nav\">&rarr;<\/span><\/a><\/p>\n","protected":false},"author":1,"featured_media":0,"parent":0,"menu_order":0,"comment_status":"closed","ping_status":"closed","template":"","meta":{"footnotes":""},"class_list":["post-1220","page","type-page","status-publish","hentry"],"_links":{"self":[{"href":"https:\/\/www.tistrupby.dk\/index.php?rest_route=\/wp\/v2\/pages\/1220","targetHints":{"allow":["GET"]}}],"collection":[{"href":"https:\/\/www.tistrupby.dk\/index.php?rest_route=\/wp\/v2\/pages"}],"about":[{"href":"https:\/\/www.tistrupby.dk\/index.php?rest_route=\/wp\/v2\/types\/page"}],"author":[{"embeddable":true,"href":"https:\/\/www.tistrupby.dk\/index.php?rest_route=\/wp\/v2\/users\/1"}],"replies":[{"embeddable":true,"href":"https:\/\/www.tistrupby.dk\/index.php?rest_route=%2Fwp%2Fv2%2Fcomments&post=1220"}],"version-history":[{"count":1,"href":"https:\/\/www.tistrupby.dk\/index.php?rest_route=\/wp\/v2\/pages\/1220\/revisions"}],"predecessor-version":[{"id":1221,"href":"https:\/\/www.tistrupby.dk\/index.php?rest_route=\/wp\/v2\/pages\/1220\/revisions\/1221"}],"wp:attachment":[{"href":"https:\/\/www.tistrupby.dk\/index.php?rest_route=%2Fwp%2Fv2%2Fmedia&parent=1220"}],"curies":[{"name":"wp","href":"https:\/\/api.w.org\/{rel}","templated":true}]}}