{"id":1203,"date":"2020-06-12T22:59:57","date_gmt":"2020-06-12T20:59:57","guid":{"rendered":"http:\/\/www.tistrupby.dk\/?page_id=1203"},"modified":"2020-06-12T23:23:36","modified_gmt":"2020-06-12T21:23:36","slug":"kom-og-gaa-en-tur-med-os-den-18-06-2020-2","status":"publish","type":"page","link":"https:\/\/www.tistrupby.dk\/?page_id=1203","title":{"rendered":"Kom og g\u00e5 en tur med os den 18-06-2020 kort"},"content":{"rendered":"\n<p><a href=\"https:\/\/photos.app.goo.gl\/eMC38aBxmRW7wDMEA\">Billeder til ruten<\/a><\/p>\n\n\n\n<p>Vi har valgt at lave to ruter, en p\u00e5 4,0 km og en p\u00e5 6,1 km.<\/p>\n\n\n\n<p>Den korte rute starter fra Hodde Tistrup Hallen kl 0900.<\/p>\n\n\n\n<p>Turen g\u00e5 ad L\u00e6rkevej til Dalstr\u00f8get forbi mejeriet ad letb\u00e6kvej, til h\u00f8jre ad Krarupvej, til venstre&nbsp; ad kasth\u00f8jvej til h\u00f8jre ad vardevej, med Thyrasvej, Thorsvej, med stien ved de \u201dgamle\u201d \u00e6ldreboliger ad S\u00f8ndervangen til s\u00f8ndergade, med den sm\u00f8gen ved den gamle l\u00e6gebolig, g\u00e5 gennem B\u00f8gely og forts\u00e6t til hallen hvor der vil v\u00e6re kaffe.<\/p>\n","protected":false},"excerpt":{"rendered":"<p>Billeder til ruten Vi har valgt at lave to ruter, en p\u00e5 4,0 km og en p\u00e5 6,1 km. Den korte rute starter fra Hodde Tistrup Hallen kl 0900. Turen g\u00e5 ad L\u00e6rkevej til Dalstr\u00f8get forbi mejeriet ad letb\u00e6kvej, til h\u00f8jre ad Krarupvej, til venstre&nbsp; ad kasth\u00f8jvej til h\u00f8jre ad vardevej, med Thyrasvej, Thorsvej, med &hellip; <a href=\"https:\/\/www.tistrupby.dk\/?page_id=1203\" class=\"more-link\">L\u00e6s videre <span class=\"screen-reader-text\">Kom og g\u00e5 en tur med os den 18-06-2020 kort<\/span> <span class=\"meta-nav\">&rarr;<\/span><\/a><\/p>\n","protected":false},"author":1,"featured_media":0,"parent":0,"menu_order":0,"comment_status":"closed","ping_status":"closed","template":"","meta":{"footnotes":""},"class_list":["post-1203","page","type-page","status-publish","hentry"],"_links":{"self":[{"href":"https:\/\/www.tistrupby.dk\/index.php?rest_route=\/wp\/v2\/pages\/1203","targetHints":{"allow":["GET"]}}],"collection":[{"href":"https:\/\/www.tistrupby.dk\/index.php?rest_route=\/wp\/v2\/pages"}],"about":[{"href":"https:\/\/www.tistrupby.dk\/index.php?rest_route=\/wp\/v2\/types\/page"}],"author":[{"embeddable":true,"href":"https:\/\/www.tistrupby.dk\/index.php?rest_route=\/wp\/v2\/users\/1"}],"replies":[{"embeddable":true,"href":"https:\/\/www.tistrupby.dk\/index.php?rest_route=%2Fwp%2Fv2%2Fcomments&post=1203"}],"version-history":[{"count":2,"href":"https:\/\/www.tistrupby.dk\/index.php?rest_route=\/wp\/v2\/pages\/1203\/revisions"}],"predecessor-version":[{"id":1216,"href":"https:\/\/www.tistrupby.dk\/index.php?rest_route=\/wp\/v2\/pages\/1203\/revisions\/1216"}],"wp:attachment":[{"href":"https:\/\/www.tistrupby.dk\/index.php?rest_route=%2Fwp%2Fv2%2Fmedia&parent=1203"}],"curies":[{"name":"wp","href":"https:\/\/api.w.org\/{rel}","templated":true}]}}