{"id":1201,"date":"2020-06-12T22:57:03","date_gmt":"2020-06-12T20:57:03","guid":{"rendered":"http:\/\/www.tistrupby.dk\/?page_id=1201"},"modified":"2020-06-12T23:22:16","modified_gmt":"2020-06-12T21:22:16","slug":"kom-og-gaa-en-tur-med-os-den-18-06-2020","status":"publish","type":"page","link":"https:\/\/www.tistrupby.dk\/?page_id=1201","title":{"rendered":"Kom og g\u00e5 en tur med os den   18-06-2020 lang"},"content":{"rendered":"\n<p><\/p>\n\n\n\n<p><a href=\"https:\/\/photos.app.goo.gl\/UL2k3KjQLki4T9LP7\">Billeder til ruten<\/a><\/p>\n\n\n\n<p>Vi har valgt at lave to ruter, en p\u00e5 4,0 km og en p\u00e5 6,1 km.<\/p>\n\n\n\n<p>Den korte lange starter fra Hodde Tistrup Hallen kl 0900.<\/p>\n\n\n\n<p>Turen g\u00e5 ad L\u00e6rkevej, men stien til kroen, hen ad Tistrup Kirkevej, med stien til byskoven hvor vi g\u00e5r ind gennem skoven til Tistrup Kirkevej, vi g\u00e5 ud mod Agerkrogvej hvor vi g\u00e5r til h\u00f8jre til Bjerremosevej, vi f\u00f8lger Bjerremosevej til vi n\u00e5r Agerkrogvej, vi g\u00e5r hen ad Agerkrogvej til vi n\u00e5r T krydset, her g\u00e5r vi til venstre og f\u00f8lger vejen til n\u00e6ste T-kryds, igen heder vejen Agekrogvej, lidt henne ad vejen er der et skilt til h\u00f8jre hvor der st\u00e5r privat, vi g\u00e5r ind ad stien, \u201dvi har f\u00e5et tilladelse\u201d vi f\u00f8lger stien ned til s\u00f8en, g\u00e5r over til ottetals s\u00f8erne og til bage ad stien til s\u00f8en i anl\u00e6gget og g\u00e5r med Hornevej til viadukten og op ad trapperne og med stien til M\u00f8lleg\u00e5rdsvej, op ad stien ved den gamle pr\u00e6stebolig, tag Pilevej og forts\u00e6t ad stien til vi n\u00e5r Hallen hvor der er kaffe<\/p>\n","protected":false},"excerpt":{"rendered":"<p>Billeder til ruten Vi har valgt at lave to ruter, en p\u00e5 4,0 km og en p\u00e5 6,1 km. Den korte lange starter fra Hodde Tistrup Hallen kl 0900. Turen g\u00e5 ad L\u00e6rkevej, men stien til kroen, hen ad Tistrup Kirkevej, med stien til byskoven hvor vi g\u00e5r ind gennem skoven til Tistrup Kirkevej, vi &hellip; <a href=\"https:\/\/www.tistrupby.dk\/?page_id=1201\" class=\"more-link\">L\u00e6s videre <span class=\"screen-reader-text\">Kom og g\u00e5 en tur med os den   18-06-2020 lang<\/span> <span class=\"meta-nav\">&rarr;<\/span><\/a><\/p>\n","protected":false},"author":1,"featured_media":0,"parent":0,"menu_order":0,"comment_status":"closed","ping_status":"closed","template":"","meta":{"footnotes":""},"class_list":["post-1201","page","type-page","status-publish","hentry"],"_links":{"self":[{"href":"https:\/\/www.tistrupby.dk\/index.php?rest_route=\/wp\/v2\/pages\/1201","targetHints":{"allow":["GET"]}}],"collection":[{"href":"https:\/\/www.tistrupby.dk\/index.php?rest_route=\/wp\/v2\/pages"}],"about":[{"href":"https:\/\/www.tistrupby.dk\/index.php?rest_route=\/wp\/v2\/types\/page"}],"author":[{"embeddable":true,"href":"https:\/\/www.tistrupby.dk\/index.php?rest_route=\/wp\/v2\/users\/1"}],"replies":[{"embeddable":true,"href":"https:\/\/www.tistrupby.dk\/index.php?rest_route=%2Fwp%2Fv2%2Fcomments&post=1201"}],"version-history":[{"count":2,"href":"https:\/\/www.tistrupby.dk\/index.php?rest_route=\/wp\/v2\/pages\/1201\/revisions"}],"predecessor-version":[{"id":1215,"href":"https:\/\/www.tistrupby.dk\/index.php?rest_route=\/wp\/v2\/pages\/1201\/revisions\/1215"}],"wp:attachment":[{"href":"https:\/\/www.tistrupby.dk\/index.php?rest_route=%2Fwp%2Fv2%2Fmedia&parent=1201"}],"curies":[{"name":"wp","href":"https:\/\/api.w.org\/{rel}","templated":true}]}}