{"id":1187,"date":"2020-03-23T20:47:57","date_gmt":"2020-03-23T18:47:57","guid":{"rendered":"http:\/\/www.tistrupby.dk\/?page_id=1187"},"modified":"2020-03-23T20:47:57","modified_gmt":"2020-03-23T18:47:57","slug":"lendrup-strand-2019","status":"publish","type":"page","link":"https:\/\/www.tistrupby.dk\/?page_id=1187","title":{"rendered":"Lendrup Strand 2019"},"content":{"rendered":"\n<p><a href=\"https:\/\/photos.app.goo.gl\/C5s8UFpGmW7grUZg6\">Rubjerg fyr <\/a><\/p>\n\n\n\n<p><a href=\"https:\/\/photos.app.goo.gl\/6Ki6UfpJhxY6dY8p8\">Vitsk\u00f8l Kloster<\/a> <\/p>\n\n\n\n<p><a href=\"https:\/\/photos.app.goo.gl\/aCW7gqNh5pAPojry9\">L\u00f8gst\u00f8r Kanal<\/a><\/p>\n\n\n\n<p><a href=\"https:\/\/photos.app.goo.gl\/VBoicjUG79KhEoiK8\">\u00c5lborg<\/a><\/p>\n\n\n\n<p><a href=\"http:\/\/Hirke\">Kirke<\/a><\/p>\n\n\n\n<p><a href=\"https:\/\/photos.app.goo.gl\/g4ep6Vkbs5FVUKBT9\">Hanstholm-Lodbjerg fyr<\/a><\/p>\n\n\n\n<p><a href=\"https:\/\/photos.app.goo.gl\/ijj56X6QnuUXiXnX9\">Bunker museet<\/a><\/p>\n\n\n\n<p><a href=\"https:\/\/photos.app.goo.gl\/zaRPR3wSqhp11Xm19\">Thy lejren<\/a><\/p>\n\n\n\n<p><a href=\"https:\/\/photos.app.goo.gl\/PG1SL6hbreikz3Lv8\">Kalkmine<\/a><\/p>\n\n\n\n<p><\/p>\n","protected":false},"excerpt":{"rendered":"<p>Rubjerg fyr Vitsk\u00f8l Kloster L\u00f8gst\u00f8r Kanal \u00c5lborg Kirke Hanstholm-Lodbjerg fyr Bunker museet Thy lejren Kalkmine<\/p>\n","protected":false},"author":1,"featured_media":0,"parent":0,"menu_order":0,"comment_status":"closed","ping_status":"closed","template":"","meta":{"footnotes":""},"class_list":["post-1187","page","type-page","status-publish","hentry"],"_links":{"self":[{"href":"https:\/\/www.tistrupby.dk\/index.php?rest_route=\/wp\/v2\/pages\/1187","targetHints":{"allow":["GET"]}}],"collection":[{"href":"https:\/\/www.tistrupby.dk\/index.php?rest_route=\/wp\/v2\/pages"}],"about":[{"href":"https:\/\/www.tistrupby.dk\/index.php?rest_route=\/wp\/v2\/types\/page"}],"author":[{"embeddable":true,"href":"https:\/\/www.tistrupby.dk\/index.php?rest_route=\/wp\/v2\/users\/1"}],"replies":[{"embeddable":true,"href":"https:\/\/www.tistrupby.dk\/index.php?rest_route=%2Fwp%2Fv2%2Fcomments&post=1187"}],"version-history":[{"count":1,"href":"https:\/\/www.tistrupby.dk\/index.php?rest_route=\/wp\/v2\/pages\/1187\/revisions"}],"predecessor-version":[{"id":1188,"href":"https:\/\/www.tistrupby.dk\/index.php?rest_route=\/wp\/v2\/pages\/1187\/revisions\/1188"}],"wp:attachment":[{"href":"https:\/\/www.tistrupby.dk\/index.php?rest_route=%2Fwp%2Fv2%2Fmedia&parent=1187"}],"curies":[{"name":"wp","href":"https:\/\/api.w.org\/{rel}","templated":true}]}}